ivided by 386?
5
What is the remainder when 132 is divided by 35?
27
Calculate the remainder when 575 is divided by 36.
35
Calculate the remainder when 65 is divided by 26.
13
What is the remainder when 97 is divided by 33?
31
What is the remainder when 234 is divided by 85?
64
What is the remainder when 121 is divided by 41?
39
Calculate the remainder when 1488 is divided by 187.
179
Calculate the remainder when 622 is divided by 306.
10
Calculate the remainder when 641 is divided by 84.
53
What is the remainder when 186 is divided by 28?
18
Calculate the remainder when 187 is divided by 13.
5
What is the remainder when 2219 is divided by 28?
7
Calculate the remainder when 3505 is divided by 352.
337
Calculate the remainder when 148 is divided by 71.
6
Calculate the remainder when 522 is divided by 25.
22
What is the remainder when 1219 is divided by 37?
35
What is the remainder when 1212 is divided by 256?
188
Calculate the remainder when 5357 is divided by 20.
17
What is the remainder when 1874 is divided by 14?
12
Calculate the remainder when 673 is divided by 9.
7
Calculate the remainder when 1219 is divided by 88.
75
What is the remainder when 1115 is divided by 1094?
21
What is the remainder when 841 is divided by 125?
91
What is the remainder when 828 is divided by 76?
68
Calculate the remainder when 80 is divided by 19.
4
Calculate the remainder when 104 is divided by 48.
8
Calculate the remainder when 767 is divided by 240.
47
What is the remainder when 1772 is divided by 24?
20
Calculate the remainder when 160 is divided by 17.
7
What is the remainder when 117 is divided by 72?
45
Calculate the remainder when 15237 is divided by 21.
12
What is the remainder when 60 is divided by 21?
18
Calculate the remainder when 1426 is divided by 21.
19
Calculate the remainder when 179 is divided by 13.
10
What is the remainder when 242 is divided by 36?
26
What is the remainder when 26 is divided by 8?
2
Calculate the remainder when 232 is divided by 48.
40
What is the remainder when 363 is divided by 14?
13
Calculate the remainder when 330 is divided by 12.
6
Calculate the remainder when 38 is divided by 31.
7
What is the remainder when 252 is divided by 122?
8
Calculate the remainder when 18556 is divided by 11.
10
What is the remainder when 626 is divided by 94?
62
Calculate the remainder when 976 is divided by 191.
21
What is the remainder when 225 is divided by 12?
9
Calculate the remainder when 15386 is divided by 11.
8
Calculate the remainder when 707 is divided by 59.
58
Calculate the remainder when 5761 is divided by 103.
96
What is the remainder when 203 is divided by 71?
61
What is the remainder when 15825 is divided by 49?
47
Calculate the remainder when 831 is divided by 277.
0
What is the remainder when 1279 is divided by 23?
14
What is the remainder when 210 is divided by 59?
33
What is the remainder when 98 is divided by 34?
30
What is the remainder when 7532 is divided by 16?
12
What is the remainder when 115 is divided by 8?
3
What is the remainder when 1551 is divided by 40?
31
What is the remainder when 503 is divided by 11?
8
What is the remainder when 499 is divided by 10?
9
What is the remainder when 1784 is divided by 47?
45
What is the remainder when 61 is divided by 34?
27
What is the remainder when 707 is divided by 4?
3
What is the remainder when 1168 is divided by 10?
8
What is the remainder when 363 is divided by 40?
3
What is the remainder when 120 is divided by 14?
8
What is the remainder when 152 is divided by 7?
5
What is the remainder when 1855 is divided by 58?
57
What is the remainder when 879 is divided by 287?
18
What is the remainder when 10 is divided by 2?
0
Calculate the remainder when 197 is divided by 32.
5
Calculate the remainder when 1133 is divided by 71.
68
Calculate the remainder when 1391 is divided by 24.
23
What is the remainder when 100 is divided by 34?
32
Calculate the remainder when 1456 is divided by 725.
6
What is the remainder when 1714 is divided by 11?
9
What is the remainder when 34 is divided by 12?
10
What is the remainder when 3347 is divided by 134?
131
What is the remainder when 1774 is divided by 37?
35
What is the remainder when 212 is divided by 27?
23
Calculate the remainder when 2377 is divided by 20.
17
What is the remainder when 496 is divided by 25?
21
What is the remainder when 583 is divided by 15?
13
Calculate the remainder when 19199 is divided by 16.
15
What is the remainder when 87 is divided by 23?
18
What is the remainder when 47 is divided by 15?
2
Calculate the remainder when 77 is divided by 5.
2
What is the remainder when 7656 is divided by 37?
34
What is the remainder when 1374 is divided by 108?
78
What is the remainder when 391 is divided by 383?
8
What is the remainder when 288 is divided by 74?
66
What is the remainder when 197 is divided by 33?
32
What is the remainder when 135 is divided by 12?
3
Calculate the remainder when 451 is divided by 116.
103
Calculate the remainder when 69 is divided by 44.
25
What is the remainder when 463 is divided by 150?
13
Calculate the remainder when 1158 is divided by 129.
126
What is the remainder when 565 is divided by 71?
68
What is the remainder when 36 is divided by 20?
16
What is the remainder when 590 is divided by 85?
80
Calculate the remainder when 2060 is divided by 132.
80
What is the remainder when 1048 is divided by 50?
48
What is the remainder when 28 is divided by 19?
9
Calculate the remainder when 1757 is divided by 874.
9
Calculate the remainder when 248 is divided by 68.
44
Calculate the remainder when 1888 is divided by 42.
40
Calculate the remainder when 33311 is divided by 24.
23
Calculate the remainder when 1164 is divided by 195.
189
What is the remainder when 1471 is divided by 29?
21
Calculate the remainder when 85 is divided by 14.
1
What is the remainder when 3105 is divided by 86?
9
Calculate the remainder when 719 is divided by 80.
79
What is the remainder when 4205 is divided by 8?
5
What is the remainder when 1442 is divided by 19?
17
Calculate the remainder when 57 is divided by 7.
1
What is the remainder when 145 is divided by 75?
70
Calculate the remainder when 945 is divided by 13.
9
Calculate the remainder when 598 is divided by 75.
73
What is the remainder when 52 is divided by 17?
1
Calculate the remainder when 1407 is divided by 100.
7
Calculate the remainder when 8201 is divided by 682.
17
Calculate the remainder when 71 is divided by 33.
5
What is the remainder when 339 is divided by 165?
9
What is the remainder when 932 is divided by 16?
4
What is the remainder when 179 is divided by 14?
11
What is the remainder when 1855 is divided by 19?
12
What is the remainder when 509 is divided by 6?
5
What is the remainder when 215 is divided by 19?
6
Calculate the remainder when 4014 is divided by 5.
4
What is the remainder when 82 is divided by 52?
30
What is the remainder when 357 is divided by 72?
69
Calculate the remainder when 570 is divided by 59.
39
What is the remainder when 353 is divided by 71?
69
What is the remainder when 3667 is divided by 10?
7
What is the remainder when 14 is divided by 4?
2
Calculate the remainder when 98 is divided by 43.
12
What is the remainder when 320 is divided by 18?
14
Calculate the remainder when 8382 is divided by 2793.
3
Calculate the remainder when 9095 is divided by 479.
473
What is the remainder when 1807 is divided by 133?
78
What is the remainder when 148 is divided by 50?
48
What is the remainder when 160 is divided by 120?
40
Calculate the remainder when 2801 is divided by 254.
7
What is the remainder when 58 is divided by 31?
27
Calculate the remainder when 961 is divided by 164.
141
What is the remainder when 190 is divided by 104?
86
What is the remainder when 1159 is divided by 10?
9
What is the remainder when 301 is divided by 80?
61
Calculate the remainder when 121 is divided by 111.
10
Calculate the remainder when 132 is divided by 19.
18
What is the remainder when 663 is divided by 154?
47
Calculate the remainder when 30548 is divided by 268.
264
What is the remainder when 88 is divided by 8?
0
What is the remainder when 398 is divided by 51?
41
What is the remainder when 519 is divided by 57?
6
What is the remainder when 